91 + -2572. Is u a prime number?
False
Let h = -9 + 34. Suppose -h = -d - 4*d. Suppose 4*p - 2*p - z = 11, -17 = -2*p - d*z. Is p a composite number?
True
Let z = 16 - 22. Let o(y) = -3 + 4 - 82*y - 6. Is o(z) a prime number?
True
Let h = 51754 + -12483. Is h composite?
True
Let q = -2048 + 3525. Is q prime?
False
Let w(g) = -574*g - 3. Let c be w(-13). Suppose -2*r - c = y, -2*y - 3*r + 22386 = -5*y. Is (-2)/5 + y/(-15) a prime number?
False
Suppose 3*c = -2*c + 16495. Is c a composite number?
False
Let p = 1 + -1. Let y = 2 - p. Suppose -12 = 3*z, y*s - 239 - 47 = 2*z. Is s a prime number?
True
Let f be (-2)/(-9) - 408/(-108). Suppose 4*j + 0*d - 3*d = 1031, 0 = -4*j + f*d + 1036. Let g = 445 - j. Is g a composite number?
False
Let g(j) = -j**3 - 19*j**2 + 23*j + 30. Let i = 22 + -42. Let b be g(i). Let z = 376 + b. Is z a composite number?
True
Let s = -1 + 5. Suppose -5*p + s = -71. Suppose p*a - 13*a - 148 = 0. Is a composite?
True
Suppose -7 = 3*g - 19. Let w(n) = 2*n**2 - 6*n + 4. Let y be w(g). Is y/30 - (-773)/5 a prime number?
False
Is 71*((-424)/(-8) + 0) composite?
True
Let v be 3*(-4)/6 + 18. Suppose 5*j - 56 = -v. Let p = 105 + j. Is p composite?
False
Suppose -60*x + 48*x + 13656 = 0. Is x a prime number?
False
Let q = -1068 - -346. Let m = -471 - q. Is m prime?
True
Suppose 0*s - 2*s = -2*w + 6, 3*w = -2*s - 6. Suppose 3*v + 5 - 1 = 2*l, 5*v + 3*l - 6 = w. Suppose v = -o + 51 + 92. Is o a composite number?
True
Let b(d) = -22423*d - 131. Is b(-18) a prime number?
True
Suppose 4*n = 13000 + 4684. Is n a prime number?
True
Let f(y) = -5759*y + 76. Is f(-5) composite?
False
Suppose 4*d - 3959 = b, -971 = -d - 3*b + 7*b. Is d composite?
False
Let z = 612 - 320. Let u = z + -129. Is u prime?
True
Let q be (4 - (-14)/(-4))*-8. Is q/(-12) + (-752)/(-3) a composite number?
False
Let k(x) = 17*x**2 - x + 2. Let f be k(2). Suppose 2*s + f - 290 = 0. Suppose -9*w = -6*w - s. Is w prime?
True
Let g(b) = 26*b**3 - b**2 - b + 1. Let j = -47 - -48. Is g(j) prime?
False
Suppose 0 = 5*h + 16631 - 1766. Let x = h + 6766. Is x a prime number?
True
Suppose -2*x + 6 = 0, 3*z - 438 = -z - 2*x. Let b = 1 + z. Is 22/6*(b + 2) prime?
False
Let q be -2 + 1905 - (-4)/(1 + -5). Suppose 2*p = 2*g - q, 2*g + g - 2851 = 4*p. Is g a prime number?
True
Let q be -1*67*(1 + -2). Let y be 0 + (-69)/(-21) + 6/(-21). Is (q/(-3))/(-1)*y a prime number?
True
Let n be -4 + 2 - 8/(-2). Suppose 5*y - 610 = -5*l - 0*l, 0 = -y - n*l + 117. Is y composite?
False
Let y = 1951 + -741. Let i = y + -723. Is i a prime number?
True
Suppose -17*i + 82159 = 60*i. Is i prime?
False
Let g be (7 - 3) + 0/(-1). Suppose -o + 38 + 96 = 5*v, 5*o = g*v + 757. Is o a prime number?
True
Is 36104/(-40)*-5 + -6 composite?
False
Let r be 2/6*27/3. Suppose 4*j - 264 = 3*j. Suppose 5*k = -2*l - 82 + 529, r*l = 3*k - j. Is k a composite number?
False
Let w = 4782 - 2203. Is w prime?
True
Let u(m) = -m**3 - 6*m**2 + 3*m - 7. Let r be u(-6). Let b = 37 - 5. Let p = r + b. Is p prime?
True
Let f = -63 + 69. Is (f/9)/((-6)/(-5499)) a prime number?
False
Let o(t) = -t**3 + 19*t**2 + 9*t - 22. Is o(9) prime?
False
Let f be ((-135)/30)/(1/2). Let g = f - -14. Suppose g*d = -8*x + 3*x + 580, 0 = 3*x - 9. Is d a prime number?
True
Suppose 39*p - 58*p + 71345 = 0. Is p a prime number?
False
Suppose 13648 - 4991 = -2*f + b, 3*b = 5*f + 21642. Let g = -3074 - f. Is g a composite number?
True
Suppose 5*l - 11 = -0*v - 2*v, 4*l = -v + 10. Suppose -5*w + 8 = -3*z - 8, -2*z = -l*w + 9. Suppose w*s = -0*s + 545. Is s a composite number?
False
Let k(p) be the second derivative of p**4/4 - p**3/3 - p**2 + 3*p. Is k(-7) composite?
True
Let j be 74 + (27/3)/(-3). Let k = 102 - j. Is k a prime number?
True
Let a = 388 - -16. Suppose i + 4*g + 169 = 0, 3*g - 914 = 2*i + 3*i. Let t = a + i. Is t a prime number?
True
Let s = 2340 + -991. Is s composite?
True
Is 1 + -4 + 3368 + 6 prime?
True
Let d(c) be the second derivative of c**7/840 + c**6/60 - 7*c**5/120 - 7*c**4/24 + 4*c**3/3 - 2*c. Let h(q) be the second derivative of d(q). Is h(-6) prime?
False
Let r(l) = l**2 + 5*l**3 - 2 - 4 + 1. Is r(4) prime?
True
Is (-7)/(-4) + 1180803/156 a composite number?
True
Let m = 7 + -5. Is m + 3 + 176 + -3 a composite number?
True
Let v(a) be the third derivative of -23*a**4/4 - 11*a**3/6 - 6*a**2. Is v(-4) composite?
False
Suppose 0 = -j + 1 - 0. Suppose -2*y + 2 = i + j, 29 = 3*y - 4*i. Suppose -5*u - 25 = 0, -3*g + y*u = g - 355. Is g composite?
True
Suppose -30 - 10 = -5*l - 5*g, -3*l + 12 = -3*g. Suppose 2997 = l*j - 8061. Is j a prime number?
False
Suppose 5*i = -4 + 9. Suppose i = 3*j + 2*o + 5, 6 = -5*j - 3*o. Is 280/5 - (1 + j) a composite number?
True
Suppose -4*l = -2*w - 3*w + 39, -5*w = -5*l - 45. Let k be 9/l - 951/(-2). Let f = k - 157. Is f composite?
False
Let a = -1978 - 583. Let i = a - -3672. Is i composite?
True
Let p(l) be the second derivative of 14*l**3 + 11*l**2/2 + 5*l. Is p(5) a prime number?
True
Let d(g) = -177*g + 142. Is d(-3) a prime number?
True
Suppose 472 = b - 265. Suppose y + b = -250. Let z = y + 1406. Is z a prime number?
True
Let h be 20 - (-4)/((-5)/(-5)). Let j be h/(-4)*(-4)/6. Suppose j*m + 0*m - o - 486 = 0, o = -2*m + 240. Is m composite?
True
Suppose -4*k + 9955 = 3*j, -k + 4*k + 5*j = 7458. Is k a composite number?
True
Let y be (-66)/15 + 4/10. Let r(u) = u**3 + 10*u**2 + 4*u + 5. Let h be r(y). Let b = h + 28. Is b a composite number?
False
Suppose -10 = -5*o, 2*k = -3*k + 4*o - 7153. Let x = k + 2468. Is x a composite number?
False
Suppose 2*i - 5*n = 10147, i - 2*n - 1324 = 3749. Is i a composite number?
True
Suppose -n + 45 = 5*g, g - 3*g = n - 51. Suppose 2*p = -65 - n. Let j = -11 - p. Is j a prime number?
False
Let w(z) = 279*z**2 + 10. Is w(-3) a composite number?
False
Suppose -493 - 114 = -s. Let q(c) = -c**3 - 4*c**2 - c - 1. Let n be q(-4). Suppose -n*d + 26 + s = 0. Is d prime?
True
Let o = 8 + -3. Suppose x + 3*w - 1004 = 528, -o*x + 3*w + 7642 = 0. Is x a prime number?
False
Suppose -80*r - 1384 = -84*r. Is r a prime number?
False
Let s be 0 - (-6 + 3) - 0. Suppose -3*p + 5*n + 64 + 90 = 0, 0 = -2*p + s*n + 103. Is p composite?
False
Suppose 4*t = -46*j + 42*j + 31872, 0 = 5*t + 4*j - 39835. Is t prime?
True
Let j be 2 + 1 - (-14 - -14). Suppose 0 = -4*i + k - 42, 35 = -j*i + k - 2*k. Let n(a) = a**2 + 7*a + 2. Is n(i) composite?
True
Suppose 0 = 2*s + 2*s - 12. Suppose 4*m - 4*w = -w + 597, 438 = s*m + w. Let h = -50 + m. Is h composite?
False
Let c(x) = -x**3 + 3*x**2 - 2*x. Let u be c(3). Is (-6)/(-18) - 1264/u a composite number?
False
Is 62975 - (-10 + 5)/((-50)/(-20)) composite?
True
Let r(n) = 2*n**2 + 13*n + 16. Let h be r(-8). Let o be 10/(-3)*(-48)/h. Suppose o*x + 564 = 8*x. Is x a composite number?
True
Suppose 2406 = 27*t - 1293. Suppose -4*u - 4*s + 344 = 0, -3*u + 426 = -2*s + 168. Let r = t - u. Is r composite?
True
Suppose -a + 184 = 39. Suppose -r = -2*t - 145, -r + 2*r = -5*t + a. Is r prime?
False
Let t be 2/(-1 - 4965/(-4962)). Suppose 5*d - 5*h = 3085, 0 = -4*d + 2*h + t - 834. Let p = d - 133. Is p a prime number?
True
Let q = 18 + -16. Suppose q*f = -2 - 0. Is f*38/4*-6 a prime number?
False
Suppose 3*f = 2*b, f = 5*b - 3 - 23. Suppose 1 - 7 = r - 3*z, 0 = 2*r - 4*z + b. Suppose -4*d - r*m = -2*m - 1985, 4*d + 3*m = 1979. Is d composite?
True
Suppose w = -3*t - 4, -t - 14 = 5*w + 6. Suppose 10*y - 12*y + 114 = t. Is y a composite number?
True
Let l(z) = 31*z - 14. Let q be l(-13). Is -20*(q/8)/(27/18) a composite number?
True
Let t = 546 - -820. Is t a composite number?
True
Let b(a) = -20*a - 8. Let u be 2 - (0 + 3) - 7. Let z be b(u). Let j = 283 - z. Is j a composite number?
False
Suppose 0 = 4*q - 3 - 5. Suppose l - 1875 = -4*p, -p - l + 466 = q*l. Is p composite?
True
Let k = 3 + -1. Let p be ((-42)/35)/(1*(-4)/10). Suppose 2*s - 36 = -2*s - 4*i, -5*i = k*s - p. Is s prime?
False
Let z(q) = -68*q**3 + 2*q**2 - q. Let i be z(1). Let u = i - -230. Is u a composite number?
False
Let q(z) = -84*z + 21. Let j be q(-10). Let d = j + -494. Is d a composite number?
False
Let u(s) = -4*s - 2. Let i be u(1). Is (-4 - (-112 - 2))*(-3)/i composite?
True
Suppose -663 + 69 = -2*p. Suppose -933 = -5*w + p. Is w - 2*(-12)/8 a prime number?
False
Suppos